{"id":17,"date":"2017-06-10T08:25:36","date_gmt":"2017-06-10T08:25:36","guid":{"rendered":"http:\/\/xtratheme.combuilding\/?page_id=8"},"modified":"2018-08-11T18:36:58","modified_gmt":"2018-08-11T18:36:58","slug":"services","status":"publish","type":"page","link":"https:\/\/neumaticosdonfelix.com.ar\/?page_id=17","title":{"rendered":"Servicios"},"content":{"rendered":"<p>[vc_row][vc_column]<div class=\"cz_gap clr  hide_on_tablet hide_on_mobile\" style=\"height: 60px\"><\/div><div class=\"cz_gap show_on_tablet clr  show_only_tablet\" style=\"height: 40px\"><\/div><div class=\"cz_gap show_on_mobile clr\" style=\"height: 30px\"><\/div>[\/vc_column][\/vc_row][vc_row][vc_column offset=\u00bbvc_col-lg-4&#8243;]<div class=\"cz_gap clr \" style=\"height: 20px\"><\/div><div id=\"cz_21494\" class=\"cz_21494 cz_title clr cz_title_pos_inline\"><div class=\"cz_title_shape shape_text cz_shape_1\">SERVICIOS<\/div><div class=\"cz_title_content\"><span class=\"cz_line_side_solo\">_<\/span><div class=\"cz_wpe_content\"><h3><span style=\"font-size: 34px;\">Nuestros\u00a0<span style=\"color: #efae16;\">Servicios<\/span><\/span><\/h3>\n<\/div><\/div><\/div>[vc_column_text]Nuestro Objetivo es la Satisfacci\u00f3n del Cliente, es por ello que apuntamos a brindar un Servicio de Reparaci\u00f3n de Neum\u00e1ticos, Eficaz y Eficiente. Contamos con una Esmerada Atenci\u00f3n que se ve reflejada en la Valoraci\u00f3n que realizan nuestros Cliente. Eleginos y seremos siempre parte de tu camino.[\/vc_column_text][\/vc_column][vc_column width=\u00bb1\/2&#8243; offset=\u00bbvc_col-lg-4&#8243;]<div id=\"cz_93106\" class=\"cz_93106 cz_image\"><div class=\"\"><div class=\"cz_image_in\"><div class=\"cz_main_image cz_\"><img class=\"\" src=\"https:\/\/neumaticosdonfelix.com.ar\/wp-content\/uploads\/2018\/08\/WhatsApp-Image-2017-11-06-at-22.15.05-493x493.jpeg\" width=\"493\" height=\"493\" alt=\"WhatsApp Image 2017-11-06 at 22.15.05\" title=\"WhatsApp Image 2017-11-06 at 22.15.05\" \/><\/div><\/div><\/div><\/div><div class=\"cz_eqh cz_content_box_parent_fx  \"><div id=\"cz_89809\" class=\"cz_89809 cz_content_box clr\"><div class=\"cz_box_front clr\"><div class=\"cz_box_front_inner clr \"><div><div id=\"cz_87403\" class=\"cz_87403 cz_title clr cz_title_pos_inline\"><div class=\"cz_title_content\"><div class=\"cz_wpe_content\"><h4>Auxilio en\u00a0<span style=\"color: #efae16;\">Ruta\/Ciudad<\/span><\/h4>\n<\/div><\/div><\/div>[vc_column_text]Realizamos Auxilio de Gomer\u00eda en Ruta y en Ciudad. Contactanos Telef\u00f3nicamente y te Asistimos a la Brevedad.[\/vc_column_text]<\/div><\/div><\/div><\/div><\/div>[\/vc_column][vc_column width=\u00bb1\/2&#8243; offset=\u00bbvc_col-lg-4&#8243;]<div id=\"cz_99788\" class=\"cz_99788 cz_image\"><div class=\"\"><div class=\"cz_image_in\"><div class=\"cz_main_image cz_\"><img class=\"\" src=\"https:\/\/neumaticosdonfelix.com.ar\/wp-content\/uploads\/2018\/08\/WhatsApp-Image-2017-11-06-at-22.15.04-1-493x493.jpeg\" width=\"493\" height=\"493\" alt=\"WhatsApp Image 2017-11-06 at 22.15.04 (1)\" title=\"WhatsApp Image 2017-11-06 at 22.15.04 (1)\" \/><\/div><\/div><\/div><\/div><div class=\"cz_eqh cz_content_box_parent_fx  \"><div id=\"cz_44411\" class=\"cz_44411 cz_content_box clr\"><div class=\"cz_box_front clr\"><div class=\"cz_box_front_inner clr \"><div><div id=\"cz_25427\" class=\"cz_25427 cz_title clr cz_title_pos_inline\"><div class=\"cz_title_content\"><div class=\"cz_wpe_content\"><h4>Reparaci\u00f3n de\u00a0<span style=\"color: #efae16;\">Neum\u00e1ticos<\/span><\/h4>\n<\/div><\/div><\/div>[vc_column_text]Realizamos Reparaci\u00f3n de Neum\u00e1ticos de Motos, Autos, Utilitarios, Camionetas, Camiones, Maquinas Agr\u00edcolas y Viales.[\/vc_column_text]<\/div><\/div><\/div><\/div><\/div>[\/vc_column][\/vc_row][vc_row][vc_column width=\u00bb1\/2&#8243; offset=\u00bbvc_col-lg-4&#8243;]<div id=\"cz_79641\" class=\"cz_79641 cz_image\"><div class=\"\"><div class=\"cz_image_in\"><div class=\"cz_main_image cz_\"><img class=\"\" src=\"https:\/\/neumaticosdonfelix.com.ar\/wp-content\/uploads\/2018\/08\/Balanceo-493x493.png\" width=\"493\" height=\"493\" alt=\"Balanceo\" title=\"Balanceo\" \/><\/div><\/div><\/div><\/div><div class=\"cz_eqh cz_content_box_parent_fx  \"><div id=\"cz_65367\" class=\"cz_65367 cz_content_box clr\"><div class=\"cz_box_front clr\"><div class=\"cz_box_front_inner clr \"><div><div id=\"cz_91311\" class=\"cz_91311 cz_title clr cz_title_pos_inline\"><div class=\"cz_title_content\"><div class=\"cz_wpe_content\"><h4>Balanceo de\u00a0<span style=\"color: #efae16;\">Ruedas<\/span><\/h4>\n<\/div><\/div><\/div>[vc_column_text]Las ruedas desbalanceadas ocasionan vibraci\u00f3n. El prop\u00f3sito del\u00a0balanceo\u00a0es eliminar la vibraci\u00f3n causada por el desajuste entre la llanta y la rueda.[\/vc_column_text]<\/div><\/div><\/div><\/div><\/div>[\/vc_column][vc_column width=\u00bb1\/2&#8243; offset=\u00bbvc_col-lg-4&#8243;]<div id=\"cz_87800\" class=\"cz_87800 cz_image\"><div class=\"\"><div class=\"cz_image_in\"><div class=\"cz_main_image cz_\"><img class=\"\" src=\"https:\/\/neumaticosdonfelix.com.ar\/wp-content\/uploads\/2018\/08\/Recapado.png\" width=\"493\" height=\"493\" alt=\"Recapado\" title=\"Recapado\" \/><\/div><\/div><\/div><\/div><div class=\"cz_eqh cz_content_box_parent_fx  \"><div id=\"cz_62763\" class=\"cz_62763 cz_content_box clr\"><div class=\"cz_box_front clr\"><div class=\"cz_box_front_inner clr \"><div><div id=\"cz_90472\" class=\"cz_90472 cz_title clr cz_title_pos_inline\"><div class=\"cz_title_content\"><div class=\"cz_wpe_content\"><h4>Recapado de\u00a0<span style=\"color: #efae16;\">Neum\u00e1ticos<\/span><\/h4>\n<\/div><\/div><\/div>[vc_column_text]Es un proceso por el cual se \u00abresucita\u00bb un neum\u00e1tico gastado en buen estado, se elimina con cuidado la banda de rodadura desgastada y se coloca encima una banda nueva.[\/vc_column_text]<\/div><\/div><\/div><\/div><\/div>[\/vc_column][vc_column width=\u00bb1\/2&#8243; offset=\u00bbvc_col-lg-4&#8243;]<div id=\"cz_14821\" class=\"cz_14821 cz_image\"><div class=\"\"><div class=\"cz_image_in\"><div class=\"cz_main_image cz_\"><img class=\"\" src=\"https:\/\/neumaticosdonfelix.com.ar\/wp-content\/uploads\/2018\/08\/Vulcanizado.png\" width=\"493\" height=\"493\" alt=\"Vulcanizado\" title=\"Vulcanizado\" \/><\/div><\/div><\/div><\/div><div class=\"cz_eqh cz_content_box_parent_fx  \"><div id=\"cz_22860\" class=\"cz_22860 cz_content_box clr\"><div class=\"cz_box_front clr\"><div class=\"cz_box_front_inner clr \"><div><div id=\"cz_42288\" class=\"cz_42288 cz_title clr cz_title_pos_inline\"><div class=\"cz_title_content\"><div class=\"cz_wpe_content\"><h4>Vulcanizado de\u00a0<span style=\"color: #efae16;\">Neum\u00e1ticos<\/span><\/h4>\n<\/div><\/div><\/div>[vc_column_text]Por da\u00f1o en la superficie del neum\u00e1tico, acudimos a la t\u00e9cnica de Vulcanizado mediante la cual se aplica Azufre Caliente para repararlo, sin reemplazarlo.[\/vc_column_text]<\/div><\/div><\/div><\/div><\/div>[\/vc_column][\/vc_row][vc_row][vc_column]<div class=\"cz_gap clr \" style=\"height: 100px\"><\/div>[\/vc_column][\/vc_row]<\/p>\n","protected":false},"excerpt":{"rendered":"<p>[vc_row][vc_column][\/vc_column][\/vc_row][vc_row][vc_column offset=\u00bbvc_col-lg-4&#8243;][vc_column_text]Nuestro Objetivo es la Satisfacci\u00f3n del Cliente, es por ello que apuntamos a brindar un Servicio de Reparaci\u00f3n de &#8230; <\/p>\n","protected":false},"author":1,"featured_media":0,"parent":0,"menu_order":0,"comment_status":"closed","ping_status":"closed","template":"","meta":[],"_links":{"self":[{"href":"https:\/\/neumaticosdonfelix.com.ar\/index.php?rest_route=\/wp\/v2\/pages\/17"}],"collection":[{"href":"https:\/\/neumaticosdonfelix.com.ar\/index.php?rest_route=\/wp\/v2\/pages"}],"about":[{"href":"https:\/\/neumaticosdonfelix.com.ar\/index.php?rest_route=\/wp\/v2\/types\/page"}],"author":[{"embeddable":true,"href":"https:\/\/neumaticosdonfelix.com.ar\/index.php?rest_route=\/wp\/v2\/users\/1"}],"replies":[{"embeddable":true,"href":"https:\/\/neumaticosdonfelix.com.ar\/index.php?rest_route=%2Fwp%2Fv2%2Fcomments&post=17"}],"version-history":[{"count":19,"href":"https:\/\/neumaticosdonfelix.com.ar\/index.php?rest_route=\/wp\/v2\/pages\/17\/revisions"}],"predecessor-version":[{"id":1020,"href":"https:\/\/neumaticosdonfelix.com.ar\/index.php?rest_route=\/wp\/v2\/pages\/17\/revisions\/1020"}],"wp:attachment":[{"href":"https:\/\/neumaticosdonfelix.com.ar\/index.php?rest_route=%2Fwp%2Fv2%2Fmedia&parent=17"}],"curies":[{"name":"wp","href":"https:\/\/api.w.org\/{rel}","templated":true}]}}